 when a is divided by f?
3
Suppose -3*z = -5*p + 255, 3*z + z = 0. Let d = -48 + p. Calculate the remainder when 10 is divided by d.
1
Suppose 4*k = 106 + 150. Let j = -286 + 308. Calculate the remainder when k is divided by j.
20
Let g = 19 - -1. Let u(y) = y**3 - 4*y**2 - 9*y - 11. What is the remainder when g is divided by u(6)?
6
Let u(t) = 19*t - 13. Let l = 18 + -11. What is the remainder when u(2) is divided by l?
4
Suppose -3*f - 207 - 120 = -3*t, -5*t - f = -509. Suppose 4*j + 0*j = w - 4, 5*w - j = 39. Calculate the remainder when t is divided by w.
7
Let h(f) = 5*f - 5. Let c be h(15). Suppose -v - 50 = -c. Calculate the remainder when v is divided by 6.
2
Calculate the remainder when 78 is divided by ((-69)/15 - -4) + 256/10.
3
Suppose 5*x - 3*c - 2 = 19, -5*x - 5*c = -5. Suppose -4*p = p - 4*i - 175, x*i = 0. Calculate the remainder when p is divided by 10.
5
Calculate the remainder when (-53)/(-3) + (-4)/(-12) is divided by (-2 + (-8)/(-3))/((-4)/(-42)).
4
Let h be 1/2*8 - 9. Let g(k) = -7*k - 17. Calculate the remainder when g(h) is divided by 11.
7
Suppose -1 = 4*l - 17. Let n(a) = 11*a + 12. Let s(v) = 5*v + 6. Let q(r) = l*n(r) - 9*s(r). What is the remainder when 5 is divided by q(-10)?
1
Let q(m) = -m**2 - 22*m + 74. What is the remainder when q(-21) is divided by 34?
27
Calculate the remainder when 249 is divided by 4/20 - (-498)/10.
49
Suppose -4 - 6 = -c. Let w(s) = 17*s + 3. Calculate the remainder when w(2) is divided by c.
7
Let l be -2 + 1 - (3 - (14 - 0)). Calculate the remainder when ((-1640)/(-100))/(2/l) is divided by 12.
10
Let s(h) = 24*h - 64. What is the remainder when s(13) is divided by 18?
14
Let q(c) = -12*c + 27. Calculate the remainder when q(-5) is divided by 9.
6
Let j(b) = -2*b**2 - 75*b + 45. What is the remainder when j(-32) is divided by 99?
1
Let c = 56 + 28. Calculate the remainder when c is divided by 29.
26
Let g be -3 + 4 + -4 - -2139. Calculate the remainder when (-2)/6 + g/36 is divided by 17.
8
Suppose 2*i + m - 7 = 0, -i - 3*m + 18 = 4*i. What is the remainder when i - (-1 + 4)/(1/(-9)) is divided by -2*1/3*-12?
6
Suppose 7*f = -42*f + 18179. Calculate the remainder when f is divided by 11.
8
Let t(i) = -i**2 - 8*i + 35. Let r be t(-11). Suppose 0 = 4*o - r*f - 176, 2*f = 3*o - 5*o + 94. What is the remainder when o is divided by 18?
9
Suppose -24 = -4*r - 2*k, 0 = -r - 2*k - 0*k + 6. Let p = 41 - 28. Suppose p*b = 17*b - 88. What is the remainder when b is divided by r?
4
Let p(o) = -35*o - 4. What is the remainder when 230 is divided by p(-2)?
32
Let r(a) = 4*a. Let x be r(-1). Let k = -7 - x. Let w = 10 + k. What is the remainder when w is divided by 5?
2
Let k(t) = 22*t - 17. Let d(h) = -10*h - 6. Let x be d(-7). Suppose 13 = -3*w + x. What is the remainder when k(3) is divided by w?
15
Let n = -44 - -88. Calculate the remainder when 195 + (1380/(-20))/3 is divided by n.
40
Let f = 142 + 61. Calculate the remainder when f is divided by 31.
17
Suppose 89*a - 94*a = -5*y - 355, -5*y - 51 = -a. What is the remainder when a is divided by 16?
12
Let l(q) = -11*q - 96. Calculate the remainder when 168 is divided by l(-13).
27
Let r = 31 + -15. Let k be (-128)/(-6)*(-3)/(-2). Let o = 75 - k. What is the remainder when o is divided by r?
11
Suppose -8*v = 5*h - 4*v - 8, -h - 3*v = 5. Suppose h*j + 55 = 3*y, -3*y + 29 = -2*y - 4*j. What is the remainder when 25 is divided by y?
12
Let r = -88 - -21. Let n be 802/6 - 8/(-24). Let z = r + n. Calculate the remainder when z is divided by 23.
21
Suppose 2*n + 5*j = 87, 232 = 5*n + j - 3*j. Calculate the remainder when n is divided by 8.
6
Let j = -183 - -204. Let x = 5 - -1. Calculate the remainder when j is divided by x.
3
Let u be 1/(716/356 + -2). Let x = u - 61. Calculate the remainder when x is divided by 10.
8
Suppose -3*i + 158 - 5 = 0. Suppose -r + 0 = -18. What is the remainder when i is divided by r?
15
What is the remainder when 10 is divided by 37/4 - (-27)/(-108)?
1
Suppose 0 = 2*s + 3*s + 5*h - 290, -4*s + 5*h = -205. Let l = -50 + s. Calculate the remainder when 17 is divided by l.
2
Let j = -8 - -25. Suppose 4*i = 4*h + h + 9, -21 = 5*h - i. What is the remainder when 27/5 + h + (-323)/(-5) is divided by j?
14
Suppose 4*n = -5*i + 94, -5*i + 2*n + 98 = 5*n. Calculate the remainder when 151 is divided by i.
19
Suppose b + b = -3*a + 122, -2*b - 4*a = -120. Suppose b = 5*c - 66. What is the remainder when c is divided by 14?
12
Suppose 2*x = -5*y - 0*x + 301, -2*x = 2*y - 118. What is the remainder when 64 is divided by y?
3
Let t = 31 - 25. Suppose 0*f - 18 = -t*f. Calculate the remainder when f is divided by 2.
1
Suppose 0 = 4*d - 589 + 189. Suppose 2*l = -3*p + 4*l + d, 2*p = 3*l + 65. What is the remainder when p is divided by 2/4 + (-13)/(-2)?
6
Let b = 101 + -88. Suppose 3*a - 4*u - b = 0, 23 = -5*a + u + 73. What is the remainder when 38 is divided by a?
5
Suppose 0 = -3*r - 2*t + 239, 0 = 2*r - 4*t - 0*t - 170. Let w = r - 49. Calculate the remainder when w is divided by 12.
8
Let s(j) = 10*j**2 + 5*j - 5. Let y be s(5). Suppose -6*k = -0*k - y. Suppose 3*o + 3 - 51 = 0. What is the remainder when k is divided by o?
13
Suppose 8*q + c = 11*q - 25, -2*q + 10 = -2*c. Suppose 4*l - 14 = q. Calculate the remainder when 39 is divided by l.
3
Suppose 103*m - 107*m = -52. Suppose 5*a - a + 96 = 0. Let w = 86 + a. Calculate the remainder when w is divided by m.
10
Let b = 217 + -214. What is the remainder when 10 is divided by b?
1
Let h = -27 + 46. Let z(y) = -y**3 - 4*y**2 - 3*y + 3. Let q be z(-3). Suppose 220 = b + q*b. Calculate the remainder when b is divided by h.
17
Suppose 15*r - 1673 = 4507. Calculate the remainder when r is divided by 13.
9
Suppose -35*u - 77 = -46*u. What is the remainder when 19 - (-2 - -2 - 0) is divided by u?
5
Let c(s) = 4*s**2 - 9*s + 9. Let w(l) = -4*l**2 + 9*l - 8. Let y(p) = -3*c(p) - 4*w(p). Calculate the remainder when 66 is divided by y(3).
10
Suppose -4*s + 8 = 0, -m + 137*s - 138*s = -1917. Calculate the remainder when m is divided by 16.
11
Let f = 197 - 135. Calculate the remainder when f is divided by 8.
6
Let j = -88 + 127. Let a be 23 + 1 + (15 - 18). Suppose -2*u + 7 = -a. What is the remainder when j is divided by u?
11
Let t(o) = 11*o**2 - 298*o + 54. Calculate the remainder when 2 - 136/(-2) - -1 is divided by t(27).
17
Let l(n) = n**3 - 28*n**2 - 25*n - 87. Calculate the remainder when 84 is divided by l(29).
26
Suppose 6*v - 802 = -586. Calculate the remainder when 98 is divided by v.
26
Let i be (-3*4)/4 + 28. Let q be 470/i - 1/(-5). Suppose 5*u - 98 = -4*t, -t = -u - 10 - q. What is the remainder when t is divided by 14?
13
Let q(w) = -2*w**2 - w. Let f be q(-2). What is the remainder when 37 is divided by (189/(-36))/(f/16)?
9
What is the remainder when 78 is divided by -2 + 0 + -2 - (1 - 21)?
14
Let s(v) = v**3 - 8*v**2 - 4*v + 17. Let j be s(7). Let f = -53 - j. Calculate the remainder when 23 is divided by f.
2
Calculate the remainder when (60/8)/(7/126) is divided by 23.
20
Suppose -14*s = -17*s + 342. Calculate the remainder when s is divided by 30.
24
Suppose -d = w - 94, 3 = 4*w - 13. What is the remainder when 176 is divided by d?
86
Let q = 6 + 71. Let c = 35 - 25. Suppose 0 = v - c. Calculate the remainder when q is divided by v.
7
Let f = -67 + 132. Let y = -87 - -104. What is the remainder when f is divided by y?
14
Suppose -2*v + 310 = 4*i, 0 = -3*v - 2*v - i + 739. Calculate the remainder when v is divided by 2/(12/221) + 10/60.
36
Suppose 2*t + 5 = -3*o, -2*t + 2*o = -2*o - 16. Suppose -t*i = -232 + 76. Suppose w - i = -w. What is the remainder when w is divided by 14?
11
Suppose u - 82 + 5 = 0. Let f = -32 + 3. Let y = f + 49. What is the remainder when u is divided by y?
17
Let o = -655 - -667. What is the remainder when 165 is divided by o?
9
Let p = 115 + -6. Calculate the remainder when p is divided by 30.
19
Suppose -21*r + 450 + 894 = 0. Calculate the remainder when r is divided by 6.
4
Suppose 0 = -4*i - 0*i + 136. Let m = 1382 - 1373. What is the remainder when i is divided by m?
7
Let a = 901 + -786. Calculate the remainder when a is divided by 15.
10
Let s(h) = -h + 8. Let m be s(12). What is the remainder when (4*14)/(-3 - m) is divided by 12?
8
L